{"id":243,"date":"2022-08-24T05:38:11","date_gmt":"2022-08-24T05:38:11","guid":{"rendered":"https:\/\/themexriver.com\/wp\/viando-wp\/?post_type=product&#038;p=243"},"modified":"2026-03-01T20:33:47","modified_gmt":"2026-03-01T20:33:47","slug":"pomegranate","status":"publish","type":"product","link":"https:\/\/clever-volhard.87-106-102-159.plesk.page\/?product=pomegranate","title":{"rendered":"Bombardino"},"content":{"rendered":"<p>Cette liqueur cr\u00e9meuse \u00e0 base de rhum, de lait des Alpes et d&rsquo;oeufs frais est un r\u00e9gal divin. En Italie on le sert pur en \u00e9t\u00e9 et chaud en hiver avec un souffle de cr\u00e8me fouett\u00e9e. Parfait apr\u00e8s une petite session de ski ou une journ\u00e9e de randonn\u00e9e dans la neige !<\/p>\n","protected":false},"excerpt":{"rendered":"<p>Cette liqueur cr\u00e9meuse \u00e0 base de rhum, de lait des Alpes et d&rsquo;oeufs frais est un r\u00e9gal divin. En Italie on le sert pur en \u00e9t\u00e9 et chaud en hiver avec un souffle de cr\u00e8me fouett\u00e9e. Parfait apr\u00e8s une petite session de ski ou une journ\u00e9e de randonn\u00e9e dans la neige !<\/p>\n","protected":false},"featured_media":2286,"comment_status":"open","ping_status":"closed","template":"","meta":{"_acf_changed":false,"inline_featured_image":false},"product_brand":[],"product_cat":[16,59],"product_tag":[],"class_list":{"0":"post-243","1":"product","2":"type-product","3":"status-publish","4":"has-post-thumbnail","6":"product_cat-non-classe","7":"product_cat-vins-boissons","9":"first","10":"instock","11":"shipping-taxable","12":"purchasable","13":"product-type-simple"},"acf":[],"_links":{"self":[{"href":"https:\/\/clever-volhard.87-106-102-159.plesk.page\/index.php?rest_route=\/wp\/v2\/product\/243","targetHints":{"allow":["GET"]}}],"collection":[{"href":"https:\/\/clever-volhard.87-106-102-159.plesk.page\/index.php?rest_route=\/wp\/v2\/product"}],"about":[{"href":"https:\/\/clever-volhard.87-106-102-159.plesk.page\/index.php?rest_route=\/wp\/v2\/types\/product"}],"replies":[{"embeddable":true,"href":"https:\/\/clever-volhard.87-106-102-159.plesk.page\/index.php?rest_route=%2Fwp%2Fv2%2Fcomments&post=243"}],"wp:featuredmedia":[{"embeddable":true,"href":"https:\/\/clever-volhard.87-106-102-159.plesk.page\/index.php?rest_route=\/wp\/v2\/media\/2286"}],"wp:attachment":[{"href":"https:\/\/clever-volhard.87-106-102-159.plesk.page\/index.php?rest_route=%2Fwp%2Fv2%2Fmedia&parent=243"}],"wp:term":[{"taxonomy":"product_brand","embeddable":true,"href":"https:\/\/clever-volhard.87-106-102-159.plesk.page\/index.php?rest_route=%2Fwp%2Fv2%2Fproduct_brand&post=243"},{"taxonomy":"product_cat","embeddable":true,"href":"https:\/\/clever-volhard.87-106-102-159.plesk.page\/index.php?rest_route=%2Fwp%2Fv2%2Fproduct_cat&post=243"},{"taxonomy":"product_tag","embeddable":true,"href":"https:\/\/clever-volhard.87-106-102-159.plesk.page\/index.php?rest_route=%2Fwp%2Fv2%2Fproduct_tag&post=243"}],"curies":[{"name":"wp","href":"https:\/\/api.w.org\/{rel}","templated":true}]}}